).
-1
Let y be (-1)/3 - 7/(-3). Suppose -d - 3 = 0, -y*z - 7 = 3*d + 2*d. Let k(s) = 259*s + 2 + 255*s - 5*s**2 + s**3 - 510*s. Give k(z).
2
Let x(b) = 12*b. Suppose -102 = -7*m + 227. Suppose -o + 48 = m. Calculate x(o).
12
Suppose 2*q - 1 = 5*q - 2*z, q + 5*z = -6. Let t(w) be the second derivative of -7*w**3/3 + 2*w. Calculate t(q).
14
Let x(l) = -11. Suppose 6*n - 7*n + 3 = 0. Let j(i) = i + 21. Let g(b) = n*j(b) + 5*x(b). Suppose 18 = -4*a + 3*o - 12, -a - 14 = -4*o. Give g(a).
-10
Let s(j) = -j**3 - 5*j**2 - 3*j - 6. Let n(q) = -19 + 2*q + 37 - 6*q. Let c be n(6). Let u be 8/3*9/c. Give s(u).
-10
Let q(z) = -5*z + 34. Let u(b) = -b**2 - 21*b + 52. Let v be u(-23). Give q(v).
4
Let z(r) = r**3 - 55*r**2 + 3*r + r + 27*r**2 + 24*r**2. Calculate z(3).
3
Suppose 9 + 7 = -16*m. Let o be 85/17 + m*17. Let c(g) = g + 15. Determine c(o).
3
Let v(u) = 3*u**3 + u**2. Suppose 0 = 2*k - 6*k - 64. Let p(q) = q**2 + 7*q - 3. Let a be p(-3). Let f = k - a. Calculate v(f).
-2
Let v(k) = k**3 + 9*k**2 + 9*k + 9. Let x be ((-3)/(-6))/((-6)/48*2). Let g be x - ((-1)/(-3) - (-17)/3). Give v(g).
1
Let z(x) = -x + 2. Let s = 1264 + -1275. Give z(s).
13
Let b(d) = -31 + 0*d - 2*d + 21 + 2. Let m = 18 - -17. Suppose 5*k + m = -0*k. What is b(k)?
6
Let o(g) = -g**2 + 7*g - 7. Let l be o(4). Let k(j) = -j**3 + 7*j**2 - 13*j + 12. Calculate k(l).
-3
Suppose 10*q - 44 = 26. Let o(u) = u**3 - 6*u**2 - 2*u + 9. Give o(q).
44
Let o(c) = -11*c + 1. Suppose 83*x - 9 = 74*x. What is o(x)?
-10
Let n(m) = -m**2 - 5*m + 1. Let j = -6 + 4. Suppose -3*u - 35 = 2*u. Let q = u - j. What is n(q)?
1
Let q be -2 + 4 - (-1 + 0). Suppose 1 = s + q. Let y be ((-3)/(-9))/(s/12). Let c(l) = 2*l**3 + l**2 - 2*l - 3. What is c(y)?
-11
Let v(f) = -f**2 - 4*f - 6. Let x(y) = -y - 11. Let c(p) = p + 11. Let l(s) = -3*c(s) - 2*x(s). Let d be l(-7). Calculate v(d).
-6
Let i(q) = -2*q**2 + 5*q + 3. Let y(a) = 11*a - 282. Let p be y(26). Give i(p).
-9
Let g(l) = -619*l - 618*l + l**2 + 1235*l - 8. Calculate g(-5).
27
Suppose -6*y + 7 = -11. Let u(m) = -5*m**2 - 3*m + 1. Let k(d) = -d**2 + 1. Let p(s) = 4*k(s) - u(s). Let t(b) be the first derivative of p(b). Determine t(y).
9
Let v(q) be the first derivative of -3*q**2 + 4/3*q**3 + 7*q - 2 + 1/4*q**4. Calculate v(-5).
12
Let n(r) = r - r - 2*r + r. Suppose 5*k + 0*b + 3*b = -12, 0 = -4*k - 5*b - 7. Let z be 56/(-24) + (-1)/k. Determine n(z).
2
Let r = -18 - -14. Let v be -2 + (r + 2 - -27). Let z(d) = 2*d - 2 + v*d**3 + 3 - 12*d**3. Give z(-1).
-12
Let v(x) = 7*x + 2. Let h(n) = 4*n - 1. Let b(y) = -2*h(y) + v(y). Determine b(10).
-6
Let x = -4 - -4. Suppose -2*o - 9 = 5*v, 0 = -4*o - x + 12. Let s(n) be the third derivative of n**5/60 + n**4/24 - 2*n**3/3 - 2*n**2. Calculate s(v).
2
Let w = 1 - -2. Let l(r) be the third derivative of r**5/60 - r**4/8 + r**3/2 - 2*r**2. Calculate l(w).
3
Let o(g) = -g**2 + 9*g - 8. Let a(k) = -k**3 + 4*k**2 + 14*k - 3. Let p be 46/8 - 2/(-8). Let n be a(p). What is o(n)?
-8
Let d(s) = s + 10. Let c = -57 + 81. Let z = c - 12. Let r be (40/z)/((-2)/3). Give d(r).
5
Let p(s) be the second derivative of -s**5/20 + s**4/24 - s**3/2 + 5*s**2/2 + 19*s. Let n(f) be the first derivative of p(f). Give n(3).
-27
Suppose -637 = 10*r - 617. Let z(l) = -7*l**2 - l + 2. Give z(r).
-24
Let l(k) = -2*k**2 - 2*k**3 + 2*k - 5*k - 2*k**2. Let y = 562 - 564. Give l(y).
6
Let d(b) = b**3 + 7*b**2 + 9*b + 6. Let n(c) = -3*c - 16. Let l be n(-7). Let h(m) = -3*m + 9. Let k be h(l). Give d(k).
-12
Let u(i) = -36*i - 34*i + 104*i + 2*i**2 - 34*i - 1. What is u(2)?
7
Let y be -278*((-21)/(-6))/(-7). Let g = y - 41. Let x be (-3)/(-15) - g/(-35). Let i(j) = j**2 - 5*j + 1. Give i(x).
-5
Let n(q) = -q. Let j be n(-1). Let k(a) = 12*a - 5. Let c(x) = 2*x - 1. Let r(m) = -11*c(m) + 2*k(m). Give r(j).
3
Let h(s) = -7*s**3 - s**2 - 2*s - 1. Let a = -83 + 122. Suppose a = -m + 38. Give h(m).
7
Let d(q) = -5*q - 2*q**2 - 98 - 100 + 303 - 108. Determine d(-4).
-15
Let m(y) be the second derivative of -y + y**2 - 1/12*y**4 - y**3 + 0. Suppose 32*s - 28*s + 12 = -2*d, 0 = -2*d + 3*s - 12. Calculate m(d).
2
Let f(r) = -2*r + 2. Let x be f(-1). Let b(k) = 4 + 5*k - x*k + 3. Calculate b(-6).
1
Let z(m) = -m**3 - 6*m**2 - 3*m + 16. Let u be z(-5). Let v = 0 - 0. Suppose v*q = -u*q + 42. Let d(x) = -x**2 + 7*x + 10. What is d(q)?
10
Let z(d) = 10*d**2. Suppose -39*m + 44*m = -5. Calculate z(m).
10
Let l be 2/8 + (-35)/28. Let u(i) be the third derivative of i**4/24 + 18*i**2 + 2*i. Determine u(l).
-1
Let f(h) = -h**3 - 6*h**2 - 4*h + 7. Let r be f(-5). Let v(q) be the first derivative of -q**2 + q - q - r - q. What is v(1)?
-3
Let w be 788/(-1379) - (-11)/7. Let c(l) = -4*l**3 - l**2 - 1. Calculate c(w).
-6
Let b(p) = p**3 + 5*p**2 + 3. Let u be b(-5). Suppose -5*m - u*i + 38 = 0, -4*i = -2 - 2. Let t(h) = 6 - h - 3 + 2 + 1. Determine t(m).
-1
Let j(n) be the first derivative of 11*n**2/2 - n - 110. What is j(1)?
10
Let t(o) = o + 13. Let z be t(-12). Let r(k) = k**3 + 3*k**2 - 2*k. What is r(z)?
2
Suppose -3*g + g + 4 = 0. Suppose 4*y + 3 = 5*y, 0 = g*a - 3*y + 3. Let d(q) = -4 + a + q - 3*q + q. Give d(1).
-2
Let h = -67 - -65. Let v be (4/14)/(h/(-14)). Let i(k) = 3*k - 3. Determine i(v).
3
Let d(g) = 6*g - 24. Suppose -947 = -12*h - 875. What is d(h)?
12
Let s(c) be the first derivative of -c**2 - 2*c - 24. What is s(7)?
-16
Let g = -15 - -15. Suppose g = 2*h - h + 4*x - 11, 5*h - x + 29 = 0. Let v = h - -12. Let p(n) = -n**2 + 8*n - 6. What is p(v)?
1
Let u(m) = m**3 + m**2 - 2*m. Let o(d) = -d + 1 - d**2 + 4*d + 0*d**2 - d**3. Suppose -6*l - 30 + 12 = 0. Let y(j) = l*o(j) - 4*u(j). Determine y(0).
-3
Suppose -3*t - 3 = -3*o, 5*t + 75 - 25 = -4*o. Let q(s) = -s**2 - 6*s - 4. Give q(t).
-4
Let m(v) = v**2 - 12*v - 5. Let z(o) = 3*o**2 - 35*o - 14. Let j(u) = 17*m(u) - 6*z(u). Determine j(5).
4
Let s(n) = 6*n - 53 - 4*n + 53. What is s(6)?
12
Let k(h) = -h**2 - 171*h + 85*h - 3 + 79*h - 1. Calculate k(-8).
-12
Suppose 3 = 3*q - 3. Let x(l) = -l**3 + l + 1 - 6*l**2 + 7*l**2 - l**2 - q*l**2. Give x(2).
-13
Let v(t) = t**2 - 3*t - 7. Let u be v(5). Suppose 3*i - m - 3 = 5, 0 = -4*i + 5*m + 18. Let b(k) = 3*k - i + k - u*k. What is b(4)?
2
Let d be 4/6 - (32/12 + -4). Let m(u) = -52*u - 6 - 7*u**2 + d - u**3 + 47*u. Calculate m(-6).
-10
Suppose 63 = -5*j + 33. Let q(w) = w + 13. Determine q(j).
7
Suppose 0 = v + 2*o + 2, -v + 6*v = 4*o + 32. Suppose v*r = 5*r - 1. Let g(t) be the second derivative of -5*t**3/6 - t. What is g(r)?
-5
Suppose 5*m = -2*w + 2*m + 7, -4*w - 3*m = -11. Let u(s) = s**w + 3*s**2 - 3*s**2 - s - 1. Calculate u(-1).
1
Suppose -2*c - 16 = 2*t + 114, -c + 121 = -2*t. Let i = t - -56. Let g(m) = m**3 + 7*m**2 + 7*m + 3. Determine g(i).
-3
Suppose 3*z - 10 = -4*b, 4*z + 0*b - 4 = 4*b. Let o(j) be the first derivative of 3*j + 4 - 2*j**2 + 2/3*j**3 - 1/2*j**4. Determine o(z).
-13
Let w(j) = -j**3 - 3*j**2 - 2. Let k be -3*(-11 + 10)*-1. Determine w(k).
-2
Let d(a) = -23*a**2 + 2*a + 13. Let z(p) = 14*p**2 - 3*p - 6. Let h(i) = -3*d(i) - 5*z(i). Suppose 4*s - 2*o - 5 - 33 = 0, 3*s + 3*o = 6. What is h(s)?
5
Let l(v) = 8*v + 1. Let d = 79 - 69. Suppose 7*n - d*n + 9 = 0. What is l(n)?
25
Let o be 200/(-160)*(6/10 + -1). Let u(j) be the second derivative of -1/12*j**4 - o*j**2 - 6*j + 0 + 1/6*j**3. Determine u(0).
-1
Let l(u) = 4*u - 14. Let i(r) = -1. Let t(x) = -12*i(x) + l(x). What is t(1)?
2
Let i(f) = f**2 + f + 3. Let g be i(0). Let w(r) be the first derivative of 3 + g*r + r**2 - 3 - 1 - 1. Calculate w(-5).
-7
Suppose -213*d + 215*d = 0. Let s(m) = -m**2 + 1. What is s(d)?
1
Let w(j) = -2*j**3 - 2*j + j**3 + 2*j**2 - 2 + 5*j + 2*j**3. Suppose -5*s = -5*v - 20, -11*v - 3*s = -10*v. Determine w(v).
-20
Let a(k) be the second derivative of 1/6*k**3 - 1/12*k**4 + 0 + 4*k - 2*k**2. What is a(0)?
-4
Let m(r) = -r**3 + 1. Let l be ((-7)/21)/((-1)/12). Suppose -l*s - s = -10. Calculate m(s).
-7
Suppose 7*h - 43 + 29 = -28. Let u(c) = 7*c + 4. Let j(t) = -14*t - 7. Let b(l) = -6*j(l) - 11*u(l). Determine b(h).
-16
Let h be 20/(-8)*4/(-5). Let u be 1 + -3 - (8/h + -4). Let j(q) = 7*q + 4. Let x(n) = -8*n - 5. Let l(t) = 3*j(t) + 2*x(t). Give l(u).
-8
Let q(g) = -4*g + 1. Let p(c) = 3*c - 8. Let u(x) = x**3 - 7*x**2 + 7*x - 3. Let i be u(